- 24. Determine h(-11).
-189
Let b(u) = -9*u + 181. What is b(27)?
-62
Let y(v) = -v**3 - 3*v**2 - 52. Give y(0).
-52
Let h(t) = 24*t + 1371. Calculate h(-58).
-21
Let t(g) = g**3 + 24*g**2 - 32*g - 2. What is t(-25)?
173
Let h(d) = -d**2 - 272*d - 1579. What is h(-6)?
17
Let i(c) = 2431*c - 14589. Determine i(6).
-3
Let f(k) = -6*k**2 - 212*k - 60. Calculate f(-37).
-430
Let u(r) = 41*r**3 + 3*r - 3. Give u(1).
41
Let n(p) = -278*p**2 + 1665*p + 13. Give n(6).
-5
Let g(r) = -66*r**2 - 464*r - 4. Give g(-7).
10
Let h(g) = -124*g - 3867. Calculate h(-32).
101
Let v(m) = -27*m + 1748. Calculate v(64).
20
Let c(p) = 3614*p + 54209. Determine c(-15).
-1
Let c(k) = -11*k - 595. Determine c(-41).
-144
Let i(b) = -b**2 + 2535*b + 28007. Calculate i(-11).
1
Let k(w) = -43*w**3 + 129*w**2 - 2*w + 6. Determine k(3).
0
Let j(s) = 184*s**3 + s**2 + 3*s - 4. Determine j(1).
184
Let m(n) = -426*n + 26321. What is m(62)?
-91
Let n(r) = -3*r**2 - 111*r - 1023. Determine n(-19).
3
Let w(q) = -668*q + 379. Give w(2).
-957
Let k(v) = -272*v - 2728. What is k(-10)?
-8
Let r(v) = -24*v - 243. Determine r(-13).
69
Let h(z) = 286*z + 277. Give h(-1).
-9
Let i(w) = w**2 + w - 32. Determine i(-7).
10
Let h(k) = 211*k - 382. What is h(2)?
40
Let f(t) = -2*t**3 + 74*t**2 + 166*t - 126. Give f(39).
264
Let h(z) = 2*z - 149. Give h(41).
-67
Let t(s) = s**3 - 68*s**2 - 12*s + 1068. Give t(68).
252
Let q(h) = -h**2 + 49*h + 118. Calculate q(53).
-94
Let y(i) = 872*i - 2651. What is y(3)?
-35
Let l(n) = 11*n - 577. Determine l(63).
116
Let c(r) = -22*r + 262. Calculate c(14).
-46
Let c(u) = -u**2 - 65*u + 282. Give c(4).
6
Let f(d) = -d**2 - 76*d - 894. Determine f(-16).
66
Let n(k) = -314*k + 315. What is n(1)?
1
Let x(p) = p**3 - p**2 + p - 7. Determine x(3).
14
Let n(c) = -41*c - 134. Determine n(-3).
-11
Let r(y) = 2*y**3 + 5*y**2 + 55*y + 197. What is r(-5)?
-203
Let y(p) = 3*p**2 - 423*p + 10919. Calculate y(107).
5
Let p(g) = -g**2 - g - 407. Give p(14).
-617
Let a(j) = -28*j - 192. Give a(-9).
60
Let l(r) = -r**3 + 73*r**2 - 78*r + 431. What is l(72)?
-1
Let z(b) = b**3 + 25*b**2 + 52*b + 129. Determine z(-23).
-9
Let k(a) = -1902*a - 5766. Calculate k(-3).
-60
Let b(n) = -5*n**3 + n**2 - 2*n + 6. Give b(2).
-34
Let h(m) = -180*m + 1172. Determine h(7).
-88
Let r(f) = -3*f**2 + 74*f - 115. What is r(23)?
0
Let n(j) = j**3 + 3*j**2 - 21*j + 11. What is n(3)?
2
Let g(u) = u**3 - 63*u**2 + 121*u + 58. Calculate g(61).
-3
Let r(m) = -3*m**3 + 57*m**2 - 2*m + 37. Give r(19).
-1
Let v(u) = 9*u**2 - 3*u + 4. Determine v(5).
214
Let s(g) = 110*g - 541. Give s(5).
9
Let u(m) = 10698*m - 235370. Calculate u(22).
-14
Let b(d) = 97*d**2 + 483*d + 4. Determine b(-5).
14
Let t(p) = 17*p**2 - 47*p - 10. Give t(3).
2
Let i(w) = 231*w + 15590. Give i(-67).
113
Let i(c) = 525*c + 5805. Give i(-11).
30
Let w(q) = -8*q**2 + 53*q - 9. Give w(5).
56
Let h(f) = -119*f**2 - 596*f + 10. What is h(-5)?
15
Let n(d) = -2*d**3 - 6*d**2 + 28*d - 1. Calculate n(-7).
195
Let g(i) = -2*i**2 - 8*i + 11. Give g(5).
-79
Let z(b) = -2*b**2 - 76*b + 1537. Determine z(-52).
81
Let d(y) = -12*y - 103. Determine d(0).
-103
Let h(i) = -2*i**2 - 40*i - 38. Give h(-23).
-176
Let t(k) = -231*k + 83385. What is t(361)?
-6
Let a(t) = 21*t + 87. Give a(6).
213
Let x(h) = 26*h + 2069. Calculate x(-80).
-11
Let v(u) = -u**3 + u**2 + 3*u + 21. Determine v(4).
-15
Let r(m) = -184*m**3 + m**2. Determine r(1).
-183
Let d(r) = 3*r**3 - 169*r**2 - 1119*r - 3. What is d(-6)?
-21
Let k(r) = r**3 + 20*r**2 - 10*r - 67. Calculate k(-19).
484
Let g(u) = -40*u + 2455. Calculate g(62).
-25
Let q(y) = -y**2 - 14*y + 10. Calculate q(-14).
10
Let l(p) = 95*p + 7396. What is l(-78)?
-14
Let v(t) = 40*t - 1595. Calculate v(39).
-35
Let a(q) = q**2 + 11*q - 1227. Determine a(30).
3
Let q(g) = -2*g**3 + 40*g**2 - 43*g - 17. Calculate q(19).
-112
Let x(q) = -q**3 + 35*q**2 + 5*q. Determine x(35).
175
Let p(j) = 6*j - 416. Calculate p(21).
-290
Let d(h) = -4*h**2 - 130*h - 1023. Calculate d(-9).
-177
Let q(z) = 61*z + 24. Give q(-4).
-220
Let k(f) = -18*f - 159. Determine k(-14).
93
Let h(d) = -d**2 + 58*d - 520. Give h(47).
-3
Let b(h) = -4110*h - 16461. Determine b(-4).
-21
Let q(j) = j**3 - 5*j**2 + 27*j + 78. Calculate q(-5).
-307
Let p(t) = -t**3 + 68*t**2 - 366*t - 366. Give p(62).
6
Let x(j) = 25*j**2 - 5*j - 13. Give x(-2).
97
Let s(i) = -86*i - 1287. Determine s(-12).
-255
Let g(q) = q**3 + 25*q**2 + 123*q + 85. What is g(-18)?
139
Let r(s) = 1026*s - 4066. Calculate r(4).
38
Let h(b) = 2*b**3 - 25*b**2 + 74*b + 3. What is h(5)?
-2
Let t(d) = d**3 - 7*d**2 - 66*d - 29. Determine t(-5).
1
Let z(s) = 132*s - 1718. What is z(13)?
-2
Let y(q) = q**3 - 21*q**2 + 78*q + 330. What is y(13)?
-8
Let v(u) = -u**3 - 22*u**2 + 18*u - 1. What is v(-23)?
114
Let x(q) = -q**3 + 10*q**2 + 16*q - 62. Determine x(11).
-7
Let m(b) = b**3 - 4*b**2 - 106*b - 85. Give m(-8).
-5
Let f(t) = 2*t**2 - 142*t - 6060. Determine f(101).
0
Let a(v) = -v**3 + 14*v**2 + 149*v - 13. Determine a(-7).
-27
Let x(h) = -153*h + 334. What is x(-5)?
1099
Let p(d) = 112*d + 1231. Determine p(-11).
-1
Let x(b) = 209*b - 11294. Determine x(54).
-8
Let y(z) = 68*z - 196. What is y(3)?
8
Let x(d) = -2*d**3 - 35*d**2 + 46*d + 22. Determine x(-19).
231
Let f(y) = 21*y + 39. Determine f(-4).
-45
Let q(k) = -7*k**3 + 54*k**2 + 54*k. Determine q(-1).
7
Let f(r) = -38*r**2 + 5*r + 8. What is f(-1)?
-35
Let n(l) = -l**2 - 55*l - 378. Give n(-8).
-2
Let q(t) = -t**3 - 30*t**2 - 7*t - 116. Determine q(-30).
94
Let l(v) = -30*v**2 - 20*v + 140. Determine l(2).
-20
Let i(k) = 66*k**2 - 4*k. Calculate i(2).
256
Let w(z) = 83*z**3 - 333*z**2 + 5*z - 1. What is w(4)?
3
Let k(d) = 22*d**2 - 1212*d + 108. What is k(55)?
-2
Let n(f) = -f**2 + 75*f + 10773. Determine n(-73).
-31
Let f(x) = -4*x**3 - 13*x**2 + 18*x + 34. What is f(-4)?
10
Let i(n) = n**3 - 22*n**2 - 98*n - 50. Give i(26).
106
Let g(y) = 3*y**3 + 2*y**2 + 3*y + 6. What is g(4)?
242
Let g(w) = 5*w**3 - 3*w**2 - w - 3. Calculate g(3).
102
Let g(s) = -20*s**2 - 403*s - 4. Give g(-20).
56
Let c(d) = 175*d - 536. Calculate c(3).
-11
Let f(j) = 20*j - 418. Give f(20).
-18
Let j(w) = 66*w - 392. What is j(6)?
4
Let c(o) = 356*o - 6859. What is c(19)?
-95
Let r(q) = -93*q - 36. Give r(5).
-501
Let z(d) = d**2 - 26*d + 94. Calculate z(16).
-66
Let r(l) = -22*l - 943. Determine r(-68).
553
Let i(d) = 407*d - 3717. Calculate i(9).
-54
Let o(y) = -100*y**2 - 2102*y - 52. Determine o(-21).
-10
Let y(h) = -571*h + 17708. Calculate y(31).
7
Let j(x) = -63*x - 209. Give j(9).
-776
Let k(o) = -18*o**2 - 120*o - 21. Give k(-5).
129
Let v(o) = -17*o**2 - 96*o - 93. Calculate v(-1).
-14
Let p(m) = m**2 + 7*m - 2572. What is p(47)?
-34
Let m(y) = 149*y + 3868. Determine m(-26).
-6
Let a(f) = 3*f + 349. Determine a(18).
403
Let r(b) = -6519*b + 52150. Give r(8).
-2
Let z(y) = 2*y**3 + 11*y**2 + 2*y + 27. What is z(-7)?
-134
Let s(w) = 3*w**2 - 133*w + 20. Determine s(40).
-500
Let v(i) = -i**2 - 137*i - 4610. Give v(-77).
10
Let d(t) = t**3 - 28*t**2 + 171*t + 156. Determine d(18).
-6
Let k(c) = -c**3 + 69*c**2 - 872*c + 1280. Give k(53).
8
Let j(p) = -p**2 - 37*p + 35. Determine j(-37).
35
Let d(b) = 4*b**3 + b**2 - 24*b + 37. Calculate d(2).
25
Let v(q) = 377*q + 5643. Give v(-15).
-12
Let j(q) = q**3 - 99*q**2 + 808*q + 177. Calculate j(90).
-3
Let q(h) = -2814*h - 4. Calculate q(0).
-4
Let l(x) = -6*x**3 + 36*x**2 + 6*x - 7. Give l(6).
29
Let x(m) = -3*m**2 + 2019*m - 15955. What is x(8)?
5
Let z(t) = 22*t + 20. Calculate z(9).
218
Let r(j) = -2*j**3 - 4*j**2 + 50*j + 69. Calculate r(-5).
-31
Let m(a) = a**2 + 9*a - 72. What is m(5)?
-2
Let v(f) = -3*f**3 - 6*f**2 + 21*f + 44. What is v(-6)?
350
Let i(b) = -56*b - 2178. Calculate i(-39).
6
Let z(w) = 14*w**2 + 40*w - 467. What is z(5)?
83
Let y(r) = 10*r**2 - 31*r + 30. Calculate y(1).
9
Let b(l) = 53*l + 1453. Give b(-28).
-31
Let i(t) = -8*t - 17. Determine i(-6).
31
Let l(c) = 4*c**2 - 115*c + 308. Give l(3).
-1
Let j(y) = -10*y**2 + 100*y + 3. What is j(10)?
3
Let r(i) = 3*i - 240. Determine r(82).
6
Let t(h) = 24*h**2 + 666*h - 10. Give t(-28).
158
Let z(x) = -x**2 - 27*x + 2790. Calculate z(-68).
2
Let j(l) = 4*l - 163. Give j(-8).
-195
Let d(z) = 82*z - 800. Determine d(7).
-226
Let